{"id":235,"date":"2025-11-28T15:50:01","date_gmt":"2025-11-28T15:50:01","guid":{"rendered":"https:\/\/databilgisayar.net\/?page_id=235"},"modified":"2025-12-04T05:45:47","modified_gmt":"2025-12-04T05:45:47","slug":"ana-sayfa","status":"publish","type":"page","link":"https:\/\/databilgisayar.net\/?page_id=235","title":{"rendered":"Ana Sayfa"},"content":{"rendered":"\n<figure class=\"wp-block-gallery has-nested-images columns-default is-cropped wp-block-gallery-1 is-layout-flex wp-block-gallery-is-layout-flex\"><\/figure>\n\n\n\n<h1 class=\"wp-block-heading has-medium-font-size\">&#x1f4cd; DATA B\u0130LG\u0130SAYAR<\/h1>\n\n\n\n<h2 class=\"wp-block-heading has-medium-font-size\">&#x1f3af; 25 Y\u0131ll\u0131k \u0130stanbul Tecr\u00fcbesi<br>\u015eimdi Antalya&#8217;da Yan\u0131n\u0131zda!<\/h2>\n\n\n\n<p>&#x1f5a5;&#xfe0f;Logo\/ETA Destek|&#x1f4bb; Teknik Servis | &#x1f4f9; Kamera Sistemleri  <\/p>\n\n\n\n<p>&#x1f4de; <a href=\"tel:05521737058\">0552 173 70 58<\/a> &amp; &#x1f4e7; <a href=\"mailto:teknik@databilgisayar.net\">destek@databilgisayar.net<\/a><\/p>\n\n\n\n<p><\/p>\n","protected":false},"excerpt":{"rendered":"<p>&#x1f4cd; DATA B\u0130LG\u0130SAYAR &#x1f3af; 25 Y\u0131ll\u0131k \u0130stanbul Tecr\u00fcbesi\u015eimdi Antalya&#8217;da Yan\u0131n\u0131zda! &#x1f5a5;&#xfe0f;Logo\/ETA Destek|&#x1f4bb; Teknik Servis | &#x1f4f9; Kamera Sistemleri &#x1f4de; 0552 [&hellip;]<\/p>\n","protected":false},"author":1,"featured_media":0,"parent":0,"menu_order":0,"comment_status":"closed","ping_status":"closed","template":"","meta":{"site-sidebar-layout":"default","site-content-layout":"","ast-site-content-layout":"default","site-content-style":"default","site-sidebar-style":"default","ast-global-header-display":"","ast-banner-title-visibility":"","ast-main-header-display":"","ast-hfb-above-header-display":"","ast-hfb-below-header-display":"","ast-hfb-mobile-header-display":"","site-post-title":"disabled","ast-breadcrumbs-content":"","ast-featured-img":"","footer-sml-layout":"","theme-transparent-header-meta":"","adv-header-id-meta":"","stick-header-meta":"","header-above-stick-meta":"","header-main-stick-meta":"","header-below-stick-meta":"","astra-migrate-meta-layouts":"default","ast-page-background-enabled":"default","ast-page-background-meta":{"desktop":{"background-color":"var(--ast-global-color-5)","background-image":"","background-repeat":"repeat","background-position":"center center","background-size":"auto","background-attachment":"scroll","background-type":"","background-media":"","overlay-type":"","overlay-color":"","overlay-opacity":"","overlay-gradient":""},"tablet":{"background-color":"","background-image":"","background-repeat":"repeat","background-position":"center center","background-size":"auto","background-attachment":"scroll","background-type":"","background-media":"","overlay-type":"","overlay-color":"","overlay-opacity":"","overlay-gradient":""},"mobile":{"background-color":"","background-image":"","background-repeat":"repeat","background-position":"center center","background-size":"auto","background-attachment":"scroll","background-type":"","background-media":"","overlay-type":"","overlay-color":"","overlay-opacity":"","overlay-gradient":""}},"ast-content-background-meta":{"desktop":{"background-color":"var(--ast-global-color-4)","background-image":"","background-repeat":"repeat","background-position":"center center","background-size":"auto","background-attachment":"scroll","background-type":"","background-media":"","overlay-type":"","overlay-color":"","overlay-opacity":"","overlay-gradient":""},"tablet":{"background-color":"var(--ast-global-color-4)","background-image":"","background-repeat":"repeat","background-position":"center center","background-size":"auto","background-attachment":"scroll","background-type":"","background-media":"","overlay-type":"","overlay-color":"","overlay-opacity":"","overlay-gradient":""},"mobile":{"background-color":"var(--ast-global-color-4)","background-image":"","background-repeat":"repeat","background-position":"center center","background-size":"auto","background-attachment":"scroll","background-type":"","background-media":"","overlay-type":"","overlay-color":"","overlay-opacity":"","overlay-gradient":""}},"footnotes":""},"class_list":["post-235","page","type-page","status-publish","hentry"],"_links":{"self":[{"href":"https:\/\/databilgisayar.net\/index.php?rest_route=\/wp\/v2\/pages\/235","targetHints":{"allow":["GET"]}}],"collection":[{"href":"https:\/\/databilgisayar.net\/index.php?rest_route=\/wp\/v2\/pages"}],"about":[{"href":"https:\/\/databilgisayar.net\/index.php?rest_route=\/wp\/v2\/types\/page"}],"author":[{"embeddable":true,"href":"https:\/\/databilgisayar.net\/index.php?rest_route=\/wp\/v2\/users\/1"}],"replies":[{"embeddable":true,"href":"https:\/\/databilgisayar.net\/index.php?rest_route=%2Fwp%2Fv2%2Fcomments&post=235"}],"version-history":[{"count":11,"href":"https:\/\/databilgisayar.net\/index.php?rest_route=\/wp\/v2\/pages\/235\/revisions"}],"predecessor-version":[{"id":336,"href":"https:\/\/databilgisayar.net\/index.php?rest_route=\/wp\/v2\/pages\/235\/revisions\/336"}],"wp:attachment":[{"href":"https:\/\/databilgisayar.net\/index.php?rest_route=%2Fwp%2Fv2%2Fmedia&parent=235"}],"curies":[{"name":"wp","href":"https:\/\/api.w.org\/{rel}","templated":true}]}}