{"id":12,"date":"2025-11-27T13:10:31","date_gmt":"2025-11-27T13:10:31","guid":{"rendered":"https:\/\/databilgisayar.net\/?page_id=12"},"modified":"2025-11-29T13:15:53","modified_gmt":"2025-11-29T13:15:53","slug":"hakkimizda","status":"publish","type":"page","link":"https:\/\/databilgisayar.net\/?page_id=12","title":{"rendered":"Hakk\u0131m\u0131zda"},"content":{"rendered":"\n<p>\u0130stanbul&#8217;daki 25 y\u0131ll\u0131k tecr\u00fcbemizle, \u015fimdi Antalya&#8217;day\u0131z!<\/p>\n\n\n\n<p>Data Bilgisayar olarak, \u0130stanbul&#8217;da edindi\u011fimiz zengin teknik servis ve yaz\u0131l\u0131m deneyimini Antalya&#8217;ya ta\u015f\u0131d\u0131k. <\/p>\n\n\n\n<p>Bilgisayar teknik servisten, Logo ETA yaz\u0131l\u0131m deste\u011fine, g\u00fcvenlik kamera sistemlerine kadar geni\u015f bir yelpazede<\/p>\n\n\n\n<p> profesyonel \u00e7\u00f6z\u00fcmler sunuyoruz.<\/p>\n\n\n\n<p>Neden Bizi Tercih Etmelisiniz?<\/p>\n\n\n\n<ul class=\"wp-block-list\">\n<li>25 y\u0131ll\u0131k sekt\u00f6r tecr\u00fcbesi<\/li>\n\n\n\n<li>H\u0131zl\u0131 ve g\u00fcvenilir \u00e7\u00f6z\u00fcmler<\/li>\n\n\n\n<li>Ayn\u0131 g\u00fcn servis imkan\u0131<\/li>\n\n\n\n<li>Uzman teknik kadro<\/li>\n\n\n\n<li>Uygun fiyat garantisi<\/li>\n<\/ul>\n\n\n\n<p><strong>M\u00fc\u015fteri memnuniyetini, kaliteli hizmet anlay\u0131\u015f\u0131m\u0131zla Antalya&#8217;daki t\u00fcm bireysel ve kurumsal m\u00fc\u015fterilerimize hizmet vermekteyiz&#8230;<\/strong><\/p>\n","protected":false},"excerpt":{"rendered":"<p>\u0130stanbul&#8217;daki 25 y\u0131ll\u0131k tecr\u00fcbemizle, \u015fimdi Antalya&#8217;day\u0131z! Data Bilgisayar olarak, \u0130stanbul&#8217;da edindi\u011fimiz zengin teknik servis ve yaz\u0131l\u0131m deneyimini Antalya&#8217;ya ta\u015f\u0131d\u0131k. Bilgisayar [&hellip;]<\/p>\n","protected":false},"author":1,"featured_media":0,"parent":0,"menu_order":0,"comment_status":"closed","ping_status":"closed","template":"","meta":{"site-sidebar-layout":"default","site-content-layout":"","ast-site-content-layout":"default","site-content-style":"default","site-sidebar-style":"default","ast-global-header-display":"","ast-banner-title-visibility":"","ast-main-header-display":"","ast-hfb-above-header-display":"","ast-hfb-below-header-display":"","ast-hfb-mobile-header-display":"","site-post-title":"","ast-breadcrumbs-content":"","ast-featured-img":"","footer-sml-layout":"","theme-transparent-header-meta":"","adv-header-id-meta":"","stick-header-meta":"","header-above-stick-meta":"","header-main-stick-meta":"","header-below-stick-meta":"","astra-migrate-meta-layouts":"default","ast-page-background-enabled":"default","ast-page-background-meta":{"desktop":{"background-color":"var(--ast-global-color-5)","background-image":"","background-repeat":"repeat","background-position":"center center","background-size":"auto","background-attachment":"scroll","background-type":"","background-media":"","overlay-type":"","overlay-color":"","overlay-opacity":"","overlay-gradient":""},"tablet":{"background-color":"","background-image":"","background-repeat":"repeat","background-position":"center center","background-size":"auto","background-attachment":"scroll","background-type":"","background-media":"","overlay-type":"","overlay-color":"","overlay-opacity":"","overlay-gradient":""},"mobile":{"background-color":"","background-image":"","background-repeat":"repeat","background-position":"center center","background-size":"auto","background-attachment":"scroll","background-type":"","background-media":"","overlay-type":"","overlay-color":"","overlay-opacity":"","overlay-gradient":""}},"ast-content-background-meta":{"desktop":{"background-color":"var(--ast-global-color-4)","background-image":"","background-repeat":"repeat","background-position":"center center","background-size":"auto","background-attachment":"scroll","background-type":"","background-media":"","overlay-type":"","overlay-color":"","overlay-opacity":"","overlay-gradient":""},"tablet":{"background-color":"var(--ast-global-color-4)","background-image":"","background-repeat":"repeat","background-position":"center center","background-size":"auto","background-attachment":"scroll","background-type":"","background-media":"","overlay-type":"","overlay-color":"","overlay-opacity":"","overlay-gradient":""},"mobile":{"background-color":"var(--ast-global-color-4)","background-image":"","background-repeat":"repeat","background-position":"center center","background-size":"auto","background-attachment":"scroll","background-type":"","background-media":"","overlay-type":"","overlay-color":"","overlay-opacity":"","overlay-gradient":""}},"footnotes":""},"class_list":["post-12","page","type-page","status-publish","hentry"],"_links":{"self":[{"href":"https:\/\/databilgisayar.net\/index.php?rest_route=\/wp\/v2\/pages\/12","targetHints":{"allow":["GET"]}}],"collection":[{"href":"https:\/\/databilgisayar.net\/index.php?rest_route=\/wp\/v2\/pages"}],"about":[{"href":"https:\/\/databilgisayar.net\/index.php?rest_route=\/wp\/v2\/types\/page"}],"author":[{"embeddable":true,"href":"https:\/\/databilgisayar.net\/index.php?rest_route=\/wp\/v2\/users\/1"}],"replies":[{"embeddable":true,"href":"https:\/\/databilgisayar.net\/index.php?rest_route=%2Fwp%2Fv2%2Fcomments&post=12"}],"version-history":[{"count":13,"href":"https:\/\/databilgisayar.net\/index.php?rest_route=\/wp\/v2\/pages\/12\/revisions"}],"predecessor-version":[{"id":334,"href":"https:\/\/databilgisayar.net\/index.php?rest_route=\/wp\/v2\/pages\/12\/revisions\/334"}],"wp:attachment":[{"href":"https:\/\/databilgisayar.net\/index.php?rest_route=%2Fwp%2Fv2%2Fmedia&parent=12"}],"curies":[{"name":"wp","href":"https:\/\/api.w.org\/{rel}","templated":true}]}}